{"id":19,"date":"2016-09-01T09:31:24","date_gmt":"2016-09-01T07:31:24","guid":{"rendered":"http:\/\/www.susanne-theil.de\/?page_id=19"},"modified":"2023-04-09T09:08:40","modified_gmt":"2023-04-09T07:08:40","slug":"filmfernsehensprechen","status":"publish","type":"page","link":"http:\/\/www.susanne-theil.de\/?page_id=19","title":{"rendered":"Film\/Fernsehen\/Sprechen"},"content":{"rendered":"<div class=\"entry-content\">\n<p><strong>Sprechen<\/strong><\/p>\n<p>-2021 Feature &#8222;Krimi, Klassenkampf und neue Kommissare- 50 Jahre Polizeiruf 110&#8220;, SWR<\/p>\n<p>-seit 2017 Synchronsprecherin<\/p>\n<p>-2020 H\u00f6rspiel, &#8222;Der Schwarzwaldranger&#8220;, SWR<\/p>\n<p>-2019 H\u00f6rspiel &#8222;Justinus und seine Br\u00fcder&#8220;, SWR<\/p>\n<p>-2019 Live- H\u00f6rspiel &#8222;Tote schlafen leicht&#8220;, SWR1<\/p>\n<p>-2018 Reportage &#8222;Vom Gl\u00fcck zu lesen&#8220;, SWR<\/p>\n<p>-2018 Reportage &#8222;Beim U eine Schnute&#8220;,SWR<\/p>\n<p>-2018 H\u00f6rspiel &#8222;B\u00fchlerh\u00f6he&#8220;, SWR<\/p>\n<p>-2017 Feature &#8222;Fidschi ringt mit dem Klimawandel&#8220;, SWR<\/p>\n<p>&#8211; 2015 H\u00f6rspiel \u201cMeeresrauschen\u201d,&nbsp; SWR<\/p>\n<p>&#8211; 2013 Feature \u201cGracielas Mann ist doch nicht vergessen\u201d, SWR<\/p>\n<p>&#8211; 2013 Feature \u201cAnarchisten am Rio de la Plata\u201d, SWR<\/p>\n<p>&#8211; Sprecherin f\u00fcr \u201d Piraten in Batavia\u201d- Europapark Rust<\/p>\n<p>&#8211; Sprecherin f\u00fcr Edition Jonathan<\/p>\n<p>&nbsp;<\/p>\n<p><strong>Film\/Fernsehen\/Werbung<\/strong><\/p>\n<p>-Werbung, Foto-Shooting f\u00fcr OCB 2013, erschienen in der Zeitschrift \u201cNeon\u201d<\/p>\n<p>-Kurzfilm \u201cTough Luck\u201d 2011<br \/>\nDeutsche POP Akademie Berlin<\/p>\n<p>-Kurzfilm \u201cRetter in Not\u201d 2010<br \/>\nRegie: Sven Eric Maier,<br \/>\nFilmboard Karlsruhe\/ Oliver Langewitz<\/p>\n<p>-Kino\/Radiowerbespot f\u00fcr Gold4Two 2009<\/p>\n<p>&#8211; \u201cRemittende\u201d<br \/>\nKurzfilm FH-Darmstadt, 2005<\/p>\n<p>&#8211; \u201cEiner Zuviel\u201d<br \/>\nKurzfilm FH-Darmstadt, 2007<\/p>\n<p>&#8211; \u201cDas Geheimnis des Fahrradh\u00e4ndlers\u201d<br \/>\nJean-Jaque Semp\u00e9, Kurzfilm FH-Darmstadt, 2007<\/p>\n<p>&nbsp;<\/p>\n<\/div>\n","protected":false},"excerpt":{"rendered":"<p>Sprechen -2021 Feature &#8222;Krimi, Klassenkampf und neue Kommissare- 50 Jahre Polizeiruf 110&#8220;, SWR -seit 2017 Synchronsprecherin -2020 H\u00f6rspiel, &#8222;Der Schwarzwaldranger&#8220;, SWR -2019 H\u00f6rspiel &#8222;Justinus und seine Br\u00fcder&#8220;, SWR -2019 Live- H\u00f6rspiel &#8222;Tote schlafen leicht&#8220;, SWR1 -2018 Reportage &#8222;Vom Gl\u00fcck zu &hellip; <a href=\"http:\/\/www.susanne-theil.de\/?page_id=19\">Weiterlesen <span class=\"meta-nav\">&rarr;<\/span><\/a><\/p>\n","protected":false},"author":1,"featured_media":0,"parent":14,"menu_order":0,"comment_status":"closed","ping_status":"closed","template":"","meta":{"footnotes":""},"class_list":["post-19","page","type-page","status-publish","hentry"],"_links":{"self":[{"href":"http:\/\/www.susanne-theil.de\/index.php?rest_route=\/wp\/v2\/pages\/19","targetHints":{"allow":["GET"]}}],"collection":[{"href":"http:\/\/www.susanne-theil.de\/index.php?rest_route=\/wp\/v2\/pages"}],"about":[{"href":"http:\/\/www.susanne-theil.de\/index.php?rest_route=\/wp\/v2\/types\/page"}],"author":[{"embeddable":true,"href":"http:\/\/www.susanne-theil.de\/index.php?rest_route=\/wp\/v2\/users\/1"}],"replies":[{"embeddable":true,"href":"http:\/\/www.susanne-theil.de\/index.php?rest_route=%2Fwp%2Fv2%2Fcomments&post=19"}],"version-history":[{"count":7,"href":"http:\/\/www.susanne-theil.de\/index.php?rest_route=\/wp\/v2\/pages\/19\/revisions"}],"predecessor-version":[{"id":398,"href":"http:\/\/www.susanne-theil.de\/index.php?rest_route=\/wp\/v2\/pages\/19\/revisions\/398"}],"up":[{"embeddable":true,"href":"http:\/\/www.susanne-theil.de\/index.php?rest_route=\/wp\/v2\/pages\/14"}],"wp:attachment":[{"href":"http:\/\/www.susanne-theil.de\/index.php?rest_route=%2Fwp%2Fv2%2Fmedia&parent=19"}],"curies":[{"name":"wp","href":"https:\/\/api.w.org\/{rel}","templated":true}]}}

<div class="entry-content">
<p><strong>Sprechen</strong></p>
<p>-2021 Feature &#8222;Krimi, Klassenkampf und neue Kommissare- 50 Jahre Polizeiruf 110&#8220;, SWR</p>
<p>-seit 2017 Synchronsprecherin</p>
<p>-2020 Hörspiel, &#8222;Der Schwarzwaldranger&#8220;, SWR</p>
<p>-2019 Hörspiel &#8222;Justinus und seine Brüder&#8220;, SWR</p>
<p>-2019 Live- Hörspiel &#8222;Tote schlafen leicht&#8220;, SWR1</p>
<p>-2018 Reportage &#8222;Vom Glück zu lesen&#8220;, SWR</p>
<p>-2018 Reportage &#8222;Beim U eine Schnute&#8220;,SWR</p>
<p>-2018 Hörspiel &#8222;Bühlerhöhe&#8220;, SWR</p>
<p>-2017 Feature &#8222;Fidschi ringt mit dem Klimawandel&#8220;, SWR</p>
<p>&#8211; 2015 Hörspiel “Meeresrauschen”,&nbsp; SWR</p>
<p>&#8211; 2013 Feature “Gracielas Mann ist doch nicht vergessen”, SWR</p>
<p>&#8211; 2013 Feature “Anarchisten am Rio de la Plata”, SWR</p>
<p>&#8211; Sprecherin für ” Piraten in Batavia”- Europapark Rust</p>
<p>&#8211; Sprecherin für Edition Jonathan</p>
<p>&nbsp;</p>
<p><strong>Film/Fernsehen/Werbung</strong></p>
<p>-Werbung, Foto-Shooting für OCB 2013, erschienen in der Zeitschrift “Neon”</p>
<p>-Kurzfilm “Tough Luck” 2011<br />
Deutsche POP Akademie Berlin</p>
<p>-Kurzfilm “Retter in Not” 2010<br />
Regie: Sven Eric Maier,<br />
Filmboard Karlsruhe/ Oliver Langewitz</p>
<p>-Kino/Radiowerbespot für Gold4Two 2009</p>
<p>&#8211; “Remittende”<br />
Kurzfilm FH-Darmstadt, 2005</p>
<p>&#8211; “Einer Zuviel”<br />
Kurzfilm FH-Darmstadt, 2007</p>
<p>&#8211; “Das Geheimnis des Fahrradhändlers”<br />
Jean-Jaque Sempé, Kurzfilm FH-Darmstadt, 2007</p>
<p>&nbsp;</p>
</div>

<p>Sprechen -2021 Feature &#8222;Krimi, Klassenkampf und neue Kommissare- 50 Jahre Polizeiruf 110&#8220;, SWR -seit 2017 Synchronsprecherin -2020 Hörspiel, &#8222;Der Schwarzwaldranger&#8220;, SWR -2019 Hörspiel &#8222;Justinus und seine Brüder&#8220;, SWR -2019 Live- Hörspiel &#8222;Tote schlafen leicht&#8220;, SWR1 -2018 Reportage &#8222;Vom Glück zu &hellip; <a href="http://www.susanne-theil.de/?page_id=19">Weiterlesen <span class="meta-nav">&rarr;</span></a></p>
